est common factor of 36 and 40842.
18
Calculate the highest common divisor of 441 and 98.
49
Calculate the greatest common factor of 90 and 1170.
90
What is the highest common factor of 6 and 64?
2
What is the highest common divisor of 16 and 800?
16
Calculate the greatest common divisor of 65347 and 101.
101
What is the highest common divisor of 153 and 27?
9
What is the greatest common divisor of 7 and 203?
7
Calculate the highest common factor of 5 and 465.
5
What is the greatest common divisor of 40 and 23300?
20
Calculate the greatest common divisor of 3948 and 228.
12
What is the highest common divisor of 65 and 395?
5
Calculate the greatest common divisor of 4071 and 46.
23
What is the greatest common factor of 1480 and 60?
20
Calculate the greatest common divisor of 3332 and 98.
98
What is the highest common factor of 437 and 57?
19
What is the highest common factor of 24 and 192?
24
Calculate the highest common factor of 19 and 608.
19
Calculate the greatest common factor of 56 and 273.
7
What is the highest common factor of 49 and 1813?
49
Calculate the highest common factor of 45 and 9.
9
What is the greatest common divisor of 112 and 128?
16
Calculate the greatest common divisor of 66 and 69.
3
What is the highest common divisor of 826 and 21?
7
Calculate the greatest common factor of 2044 and 1372.
28
What is the greatest common factor of 1612 and 124?
124
Calculate the highest common factor of 17672 and 47.
47
Calculate the greatest common factor of 84 and 60.
12
What is the highest common divisor of 338 and 39?
13
What is the highest common divisor of 14 and 1302?
14
What is the greatest common divisor of 13503 and 21?
21
Calculate the highest common factor of 1406 and 38.
38
Calculate the greatest common divisor of 102 and 2686.
34
What is the highest common factor of 528 and 88?
88
Calculate the highest common divisor of 490 and 140.
70
What is the greatest common divisor of 330 and 957?
33
What is the highest common divisor of 100 and 5450?
50
Calculate the greatest common factor of 126 and 924.
42
What is the greatest common divisor of 1295 and 140?
35
What is the highest common factor of 156 and 273?
39
Calculate the greatest common factor of 10 and 40.
10
Calculate the greatest common divisor of 4 and 68.
4
Calculate the highest common factor of 44 and 1188.
44
Calculate the highest common divisor of 22 and 1727.
11
What is the greatest common factor of 488 and 16?
8
What is the highest common divisor of 40 and 376?
8
What is the highest common factor of 86 and 1720?
86
What is the greatest common factor of 11416 and 24?
8
Calculate the greatest common factor of 15570 and 90.
90
What is the highest common divisor of 27 and 153?
9
Calculate the greatest common divisor of 14 and 266.
14
What is the greatest common divisor of 574 and 14?
14
Calculate the highest common divisor of 369 and 656.
41
What is the greatest common divisor of 15 and 465?
15
What is the highest common divisor of 32 and 224?
32
What is the highest common factor of 115 and 253?
23
Calculate the greatest common factor of 456 and 152.
152
What is the highest common divisor of 294 and 4508?
98
What is the greatest common factor of 4324 and 188?
188
Calculate the highest common divisor of 16 and 48.
16
Calculate the greatest common factor of 8 and 652.
4
What is the highest common divisor of 64096 and 32?
32
What is the highest common factor of 22 and 80?
2
What is the highest common divisor of 50 and 775?
25
Calculate the greatest common divisor of 255 and 204.
51
Calculate the greatest common divisor of 378 and 42.
42
What is the greatest common factor of 300 and 420?
60
What is the highest common divisor of 90 and 120?
30
What is the greatest common divisor of 215 and 2752?
43
What is the greatest common factor of 85 and 51?
17
What is the greatest common factor of 32 and 928?
32
What is the highest common factor of 297 and 264?
33
What is the highest common divisor of 2444 and 208?
52
What is the greatest common factor of 448 and 8?
8
Calculate the greatest common divisor of 28 and 4564.
28
Calculate the greatest common divisor of 888 and 999.
111
Calculate the greatest common factor of 442 and 130.
26
Calculate the highest common factor of 27 and 1593.
27
What is the highest common divisor of 308 and 84?
28
What is the greatest common factor of 16 and 368?
16
What is the highest common divisor of 678 and 6?
6
What is the highest common divisor of 420 and 40?
20
What is the greatest common divisor of 1230 and 10?
10
What is the greatest common factor of 3674 and 22?
22
What is the greatest common divisor of 390 and 10842?
78
What is the greatest common divisor of 40 and 110?
10
What is the highest common divisor of 98 and 63?
7
Calculate the greatest common factor of 18189 and 2538.
423
What is the highest common factor of 4997 and 171?
19
Calculate the highest common divisor of 13 and 50557.
13
Calculate the highest common factor of 40 and 88.
8
Calculate the highest common factor of 72 and 468.
36
Calculate the highest common factor of 10 and 230.
10
What is the highest common factor of 186 and 117?
3
What is the highest common factor of 813 and 3?
3
What is the highest common factor of 63 and 3150?
63
Calculate the highest common divisor of 28 and 1526.
14
What is the greatest common factor of 450 and 585?
45
What is the greatest common factor of 14384 and 124?
124
What is the highest common divisor of 861 and 105?
21
What is the highest common factor of 2989 and 183?
61
What is the greatest common factor of 344 and 128?
8
What is the greatest common factor of 261 and 9?
9
What is the highest common factor of 1842 and 6?
6
What is the highest common factor of 120 and 7320?
120
Calculate the greatest common divisor of 665 and 1197.
133
What is the highest common divisor of 4081 and 847?
77
What is the highest common factor of 112 and 238?
14
Calculate the highest common factor of 80 and 700.
20
Calculate the greatest common divisor of 4 and 412.
4
What is the greatest common factor of 69 and 9?
3
What is the highest common factor of 1568 and 160?
32
Calculate the highest common divisor of 952 and 102.
34
Calculate the greatest common divisor of 5325 and 75.
75
Calculate the greatest common factor of 11 and 16.
1
Calculate the greatest common factor of 64 and 576.
64
Calculate the highest common divisor of 275 and 385.
55
Calculate the greatest common divisor of 9 and 117.
9
What is the highest common factor of 96 and 4584?
24
What is the greatest common divisor of 38 and 18?
2
What is the highest common factor of 5 and 1055?
5
Calculate the greatest common factor of 474 and 27.
3
What is the greatest common factor of 1551 and 99?
33
What is the greatest common divisor of 40 and 1905?
5
What is the greatest common divisor of 150 and 1000?
50
What is the greatest common factor of 70 and 77?
7
Calculate the highest common factor of 86 and 6.
2
Calculate the highest common divisor of 3498 and 66.
66
What is the greatest common divisor of 682 and 124?
62
What is the greatest common divisor of 3383 and 17?
17
Calculate the highest common factor of 75 and 250.
25
Calculate the highest common factor of 3 and 17718.
3
Calculate the greatest common divisor of 3827 and 801.
89
Calculate the highest common divisor of 10 and 400.
10
What is the greatest common factor of 80 and 2480?
80
Calculate the greatest common factor of 21 and 1113.
21
What is the greatest common divisor of 88 and 902?
22
What is the highest common factor of 18152 and 8?
8
What is the highest common divisor of 650 and 50?
50
What is the greatest common divisor of 1312 and 160?
32
What is the highest common factor of 114 and 627?
57
Calculate the greatest common divisor of 533 and 39.
13
Calculate the greatest common divisor of 2323 and 92.
23
Calculate the greatest common divisor of 10 and 65.
5
Calculate the greatest common divisor of 57 and 76.
19
What is the highest common divisor of 120720 and 20?
20
Calculate the highest common divisor of 56 and 14.
14
Calculate the highest common factor of 1712 and 32.
16
Calculate the greatest common divisor of 44 and 198.
22
What is the highest common divisor of 435 and 1653?
87
Calculate the greatest common divisor of 40 and 1160.
40
What is the 